01133
In base 8, what is 0 + 11376?
11376
In base 2, what is -111000100 + -1111100011010?
-10000011011110
In base 7, what is -4 + 1041120?
1041113
In base 16, what is -12491 + -1?
-12492
In base 10, what is -2 + -10975?
-10977
In base 9, what is 5 + -61215?
-61210
In base 7, what is -1 - -1520?
1516
In base 11, what is -2 - 20763a?
-207641
In base 8, what is -27 - 177?
-226
In base 12, what is 16949 + -1?
16948
In base 15, what is -177b1 - 6?
-177b7
In base 2, what is 11000000 + 100100011?
111100011
In base 13, what is -1 + 4770?
476c
In base 9, what is -6 + -14003?
-14010
In base 13, what is 1053b - -2?
10540
In base 16, what is 107 + 272?
379
In base 14, what is 5400 - 1?
53dd
In base 3, what is -1102211122 + -10?
-1102211202
In base 16, what is 1efe81 - -3?
1efe84
In base 16, what is 1 - 14b90?
-14b8f
In base 16, what is -b247 - 6?
-b24d
In base 5, what is 230 + 130001?
130231
In base 7, what is -5203 - -104?
-5066
In base 11, what is 7 + 151?
158
In base 10, what is 1 + 14538?
14539
In base 15, what is 5 - -40ec?
4102
In base 11, what is -5 + 200826?
200821
In base 3, what is -22021 + 20211?
-1110
In base 3, what is -100 + 10202120211?
10202120111
In base 8, what is -17253 - -5?
-17246
In base 5, what is -2130 - 411113?
-413243
In base 12, what is 5a0 - -15?
5b5
In base 9, what is -217563 - 3?
-217566
In base 4, what is 3013122230 + 1?
3013122231
In base 11, what is 33568 + 4?
33571
In base 16, what is 6 - -a11?
a17
In base 13, what is -6 + -3a3b1?
-3a3b7
In base 5, what is 4 - -101323?
101332
In base 4, what is 2030 + 100011?
102101
In base 15, what is -5 + -28b7?
-28bc
In base 2, what is 100101011010 - 100?
100101010110
In base 6, what is -5 + -14420?
-14425
In base 8, what is -1 - 2305?
-2306
In base 2, what is -1110100110 + -10011111101?
-100010100011
In base 8, what is 7121 + 201?
7322
In base 16, what is -1 + 21b5?
21b4
In base 7, what is -240244 - -1?
-240243
In base 12, what is 4 - 49b9?
-49b5
In base 7, what is -3 + 20?
14
In base 7, what is 2155 - -41?
2226
In base 3, what is -1111112211211 + 10?
-1111112211201
In base 5, what is 30 - 20001110?
-20001030
In base 11, what is -9 + 31751?
31743
In base 7, what is -2413 + 35?
-2345
In base 14, what is -2 + -66b9?
-66bb
In base 16, what is -a6 - 14?
-ba
In base 10, what is -5 + 159128?
159123
In base 7, what is 1401 - -1334?
3035
In base 5, what is -32 - 403424?
-404011
In base 9, what is 5 + 12455?
12461
In base 15, what is 8172 + -2?
8170
In base 14, what is -9c - -835?
777
In base 16, what is -7c5 - 1?
-7c6
In base 16, what is -2 - 36d2?
-36d4
In base 5, what is 404404 - -1?
404410
In base 7, what is -4 + -65?
-102
In base 16, what is -e - 34e?
-35c
In base 11, what is 129 - 3a5?
-277
In base 2, what is -101011 - 110110?
-1100001
In base 14, what is 1c1ab - -4?
1c1b1
In base 15, what is -b02d + b?
-b022
In base 9, what is -5013637 + -1?
-5013638
In base 7, what is 300 - 41301?
-41001
In base 14, what is 307c - 5?
3077
In base 2, what is 1110000010000001 + 100?
1110000010000101
In base 9, what is -42 + -6004?
-6046
In base 12, what is -4 - -280687?
280683
In base 10, what is -5433 + -36?
-5469
In base 4, what is -20023 - -2011303?
1331220
In base 12, what is -4 + -1755?
-1759
In base 11, what is -10 - -3788?
3778
In base 8, what is -71 - 17672?
-17763
In base 6, what is 33532100 + -5?
33532051
In base 3, what is -10100111011010 + 11?
-10100111010222
In base 13, what is -14 + 6c24?
6c10
In base 13, what is -2cc + -50?
-34c
In base 14, what is 6 + 100dd?
10105
In base 9, what is -1 - -270402?
270401
In base 16, what is -caa - -1f4?
-ab6
In base 16, what is -5 + 118?
113
In base 12, what is 4 + 4b852?
4b856
In base 4, what is -230313210 - 2?
-230313212
In base 2, what is -11000100 + 110010110100?
101111110000
In base 10, what is -3490 - -5?
-3485
In base 9, what is -5 + 57365?
57360
In base 13, what is 60 - -5213?
5273
In base 2, what is -100 + 111011111010001?
111011111001101
In base 9, what is -7 + -5074?
-5082
In base 9, what is 166615 - -2?
166617
In base 6, what is 1 - -14125?
14130
In base 11, what is 11557 - 140?
11417
In base 7, what is 1542250 + -5?
1542242
In base 13, what is 9 + -5a?
-51
In base 2, what is 1110110011111111 - -101?
1110110100000100
In base 9, what is -377152 + 1?
-377151
In base 4, what is -1 - 231222030?
-231222031
In base 8, what is 14 - -237461?
237475
In base 4, what is -33221102 - -11?
-33221031
In base 4, what is -123222 - 1?
-123223
In base 3, what is 122101111 - -112?
122102000
In base 4, what is -23311320 + 201?
-23311113
In base 8, what is 3272077 - -1?
3272100
In base 7, what is 65141 + 16?
65160
In base 4, what is 122323 - 231?
122032
In base 16, what is -28b1 + -1?
-28b2
In base 14, what is -6104 + 0?
-6104
In base 6, what is -2130 - 220?
-2350
In base 10, what is -1440 - -1?
-1439
In base 7, what is -422254 + 6?
-422245
In base 11, what is 14 - 4658?
-4644
In base 6, what is 4150305 - -5?
4150314
In base 4, what is -23 - -110213?
110130
In base 2, what is 110000111101101110 + 11?
110000111101110001
In base 15, what is 42e59 - -3?
42e5c
In base 6, what is -1 - -3001101?
3001100
In base 13, what is 5bc6c + 5?
5bc74
In base 3, what is -10210002022020 + 10?
-10210002022010
In base 14, what is -1011 + c?
-1003
In base 13, what is -1190 + -c?
-119c
In base 3, what is -21212 + 221?
-20221
In base 3, what is -2000202 - 1222100?
-11000002
In base 10, what is -119 - 17041?
-17160
In base 12, what is 9a0b8 - 9?
9a0ab
In base 11, what is 3 + -a02a?
-a027
In base 2, what is 1100001111 - -10001101?
1110011100
In base 8, what is 2542147 + -1?
2542146
In base 16, what is -3077 - 41?
-30b8
In base 2, what is -1011011100111 + -1001?
-1011011110000
In base 8, what is -3 - -1203550?
1203545
In base 4, what is 223 + -21033121?
-21032232
In base 14, what is 4 - 89d8?
-89d4
In base 9, what is -658 - 124?
-783
In base 16, what is 1 - -226d?
226e
In base 12, what is 298a - 394?
25b6
In base 7, what is 0 + -24113?
-24113
In base 11, what is -22 - 8325?
-8347
In base 16, what is 138 + 3b?
173
In base 4, what is -2 + 121103023?
121103021
In base 15, what is 4 + -2747?
-2743
In base 4, what is 3 - -12000?
12003
In base 5, what is 4313 + 310?
10123
In base 9, what is -314 - 6776?
-7201
In base 8, what is 1207570 + -4?
1207564
In base 13, what is 1 + 2073?
2074
In base 11, what is 4 - -12677?
12680
In base 15, what is 169d - 8?
1695
In base 15, what is 3 + 1b81?
1b84
In base 13, what is 25cc9 - 9?
25cc0
In base 4, what is -230032 + -100?
-230132
In base 7, what is 22 + -5500?
-5445
In base 2, what is 110101 - -10100111100?
10101110001
In base 6, what is 42234 + -3053?
35141
In base 7, what is 0 - -61501?
61501
In base 10, what is 123825 - -2?
123827
In base 9, what is -15445 - 42?
-15487
In base 15, what is 48 + -28?
20
In base 8, what is 23 - 5023?
-5000
In base 15, what is 3 + -e892?
-e88e
In base 2, what is 100 - -1001011010001100111?
1001011010001101011
In base 11, what is 7 - -1001?
1008
In base 7, what is 1506102 - 5?
1506064
In base 15, what is -3 - -ba5e3?
ba5e0
In base 5, what is -103 - 143413?
-144021
In base 11, what is 2845 - a?
2836
In base 2, what is -1000100101110010001000 + 100?
-1000100101110010000100
In base 2, what is -1110011100010010001 + -101?
-1110011100010010110
In base 12, what is -5 + 17842a?
178425
In base 11, what is -36654 - 3?
-36657
In base 11, what is 11 - 6151?
-6140
In base 8, what is 4 - -134032?
134036
In base 7, what is -5 + 142126?
142121
In base 11, what is 82 + 3538?
360a
In base 8, what is 3 + -1737?
-1734
In base 9, what is 1647 + 265?
2023
In base 13, what is -1 - -4284?
4283
In base 8, what is -4 - 101067?
-101073
In base 3, what is 101102010 + -12121?
101012112
In base 14, what is 0 - -4d45?
4d45
In base 9, what is -1167 - 8?
-1176
In base 9, what is -4 - -7543?
7538
In base 14, what is 3 + 3011?
3014
In base 12, what is 2 - 14823?
-14821
In base 14, what is 4b - -2677?
26c4
In base 14, what is 5 + -1c926?
-1c921
In base 16, what is 5ba8 + 3?
5bab
In base 8, what is 575277 + -3?
575274
In base 7, what is -1 - -200420?
200416
In base 14, what is 3d8 - -205?
5dd
In base 11, what is -7a - 195?
-264
In base 16, what is -9da + -b?
-9e5
In base 13, what is -140 + -11?
-151
In base 6, what is -2 - 4201054?
-4201100
In base 14, what i